er when 516 is divided by 74.
72
Calculate the remainder when 1679 is divided by 140.
139
What is the remainder when 3697 is divided by 40?
17
Calculate the remainder when 369 is divided by 117.
18
What is the remainder when 163 is divided by 59?
45
Calculate the remainder when 1465 is divided by 226.
109
Calculate the remainder when 987 is divided by 472.
43
What is the remainder when 167 is divided by 91?
76
What is the remainder when 27887 is divided by 56?
55
Calculate the remainder when 230 is divided by 11.
10
Calculate the remainder when 69 is divided by 36.
33
Calculate the remainder when 388 is divided by 50.
38
What is the remainder when 292 is divided by 42?
40
What is the remainder when 94 is divided by 12?
10
What is the remainder when 192 is divided by 33?
27
What is the remainder when 128 is divided by 22?
18
What is the remainder when 1894 is divided by 15?
4
What is the remainder when 3599 is divided by 240?
239
What is the remainder when 702 is divided by 37?
36
What is the remainder when 337 is divided by 58?
47
What is the remainder when 173 is divided by 75?
23
What is the remainder when 260 is divided by 127?
6
What is the remainder when 1368 is divided by 91?
3
Calculate the remainder when 198 is divided by 33.
0
Calculate the remainder when 276 is divided by 31.
28
Calculate the remainder when 3868 is divided by 90.
88
What is the remainder when 1924 is divided by 6?
4
What is the remainder when 128 is divided by 46?
36
What is the remainder when 107 is divided by 6?
5
Calculate the remainder when 88 is divided by 20.
8
What is the remainder when 465 is divided by 59?
52
Calculate the remainder when 194 is divided by 58.
20
Calculate the remainder when 27 is divided by 27.
0
What is the remainder when 194 is divided by 93?
8
What is the remainder when 4522 is divided by 58?
56
Calculate the remainder when 47 is divided by 8.
7
Calculate the remainder when 452 is divided by 105.
32
What is the remainder when 221 is divided by 57?
50
What is the remainder when 51 is divided by 8?
3
What is the remainder when 79774 is divided by 144?
142
Calculate the remainder when 53 is divided by 37.
16
What is the remainder when 239 is divided by 21?
8
What is the remainder when 318 is divided by 305?
13
Calculate the remainder when 13786 is divided by 5.
1
Calculate the remainder when 6343 is divided by 13.
12
Calculate the remainder when 280 is divided by 3.
1
What is the remainder when 206 is divided by 30?
26
Calculate the remainder when 785 is divided by 65.
5
Calculate the remainder when 28 is divided by 25.
3
What is the remainder when 245 is divided by 116?
13
Calculate the remainder when 263 is divided by 94.
75
Calculate the remainder when 141 is divided by 24.
21
Calculate the remainder when 1596 is divided by 39.
36
What is the remainder when 97 is divided by 47?
3
What is the remainder when 3610 is divided by 27?
19
Calculate the remainder when 357 is divided by 72.
69
What is the remainder when 1295 is divided by 54?
53
Calculate the remainder when 196 is divided by 97.
2
What is the remainder when 129 is divided by 70?
59
What is the remainder when 224 is divided by 75?
74
What is the remainder when 369 is divided by 124?
121
Calculate the remainder when 196 is divided by 62.
10
What is the remainder when 1823 is divided by 653?
517
What is the remainder when 2407 is divided by 36?
31
What is the remainder when 2606 is divided by 30?
26
Calculate the remainder when 182 is divided by 25.
7
What is the remainder when 2028 is divided by 14?
12
What is the remainder when 931 is divided by 463?
5
Calculate the remainder when 496 is divided by 17.
3
What is the remainder when 86 is divided by 12?
2
Calculate the remainder when 862 is divided by 19.
7
Calculate the remainder when 136 is divided by 31.
12
Calculate the remainder when 26 is divided by 16.
10
Calculate the remainder when 792 is divided by 61.
60
What is the remainder when 209 is divided by 97?
15
What is the remainder when 57 is divided by 21?
15
What is the remainder when 253 is divided by 3?
1
What is the remainder when 379 is divided by 59?
25
What is the remainder when 16 is divided by 6?
4
What is the remainder when 702 is divided by 141?
138
What is the remainder when 6633 is divided by 79?
76
Calculate the remainder when 2022 is divided by 61.
9
Calculate the remainder when 944 is divided by 50.
44
Calculate the remainder when 158 is divided by 23.
20
What is the remainder when 17 is divided by 6?
5
Calculate the remainder when 3033 is divided by 74.
73
Calculate the remainder when 407 is divided by 102.
101
What is the remainder when 61500 is divided by 249?
246
Calculate the remainder when 511 is divided by 16.
15
Calculate the remainder when 661 is divided by 94.
3
What is the remainder when 937 is divided by 47?
44
What is the remainder when 5946 is divided by 32?
26
Calculate the remainder when 611 is divided by 88.
83
Calculate the remainder when 436 is divided by 40.
36
Calculate the remainder when 191 is divided by 48.
47
Calculate the remainder when 339 is divided by 73.
47
What is the remainder when 769 is divided by 21?
13
What is the remainder when 961 is divided by 49?
30
Calculate the remainder when 683 is divided by 14.
11
Calculate the remainder when 98 is divided by 7.
0
What is the remainder when 413 is divided by 102?
5
Calculate the remainder when 166 is divided by 19.
14
What is the remainder when 66 is divided by 45?
21
What is the remainder when 6180 is divided by 27?
24
Calculate the remainder when 162 is divided by 2.
0
Calculate the remainder when 395 is divided by 135.
125
What is the remainder when 308 is divided by 14?
0
What is the remainder when 112 is divided by 29?
25
What is the remainder when 89 is divided by 13?
11
What is the remainder when 97 is divided by 26?
19
What is the remainder when 5378 is divided by 18?
14
What is the remainder when 218 is divided by 28?
22
What is the remainder when 638 is divided by 62?
18
Calculate the remainder when 68 is divided by 50.
18
What is the remainder when 1246 is divided by 35?
21
What is the remainder when 459 is divided by 42?
39
Calculate the remainder when 2556 is divided by 64.
60
What is the remainder when 26 is divided by 16?
10
What is the remainder when 28 is divided by 5?
3
Calculate the remainder when 140 is divided by 28.
0
Calculate the remainder when 159 is divided by 71.
17
What is the remainder when 1210 is divided by 172?
6
What is the remainder when 57 is divided by 4?
1
Calculate the remainder when 218 is divided by 19.
9
What is the remainder when 1307 is divided by 19?
15
Calculate the remainder when 593 is divided by 148.
1
Calculate the remainder when 1902 is divided by 36.
30
What is the remainder when 140 is divided by 124?
16
What is the remainder when 8117 is divided by 7?
4
What is the remainder when 292 is divided by 25?
17
Calculate the remainder when 1439 is divided by 433.
140
Calculate the remainder when 96 is divided by 95.
1
Calculate the remainder when 27496 is divided by 31.
30
Calculate the remainder when 791 is divided by 66.
65
What is the remainder when 1423 is divided by 75?
73
What is the remainder when 879 is divided by 231?
186
What is the remainder when 611 is divided by 8?
3
Calculate the remainder when 5668 is divided by 54.
52
What is the remainder when 365 is divided by 74?
69
Calculate the remainder when 3051 is divided by 5.
1
What is the remainder when 1197 is divided by 123?
90
Calculate the remainder when 571 is divided by 64.
59
Calculate the remainder when 155 is divided by 13.
12
What is the remainder when 909 is divided by 19?
16
What is the remainder when 559 is divided by 84?
55
Calculate the remainder when 57 is divided by 15.
12
What is the remainder when 219 is divided by 75?
69
What is the remainder when 50731 is divided by 22?
21
Calculate the remainder when 221 is divided by 130.
91
What is the remainder when 1153 is divided by 237?
205
What is the remainder when 21 is divided by 7?
0
Calculate the remainder when 508 is divided by 6.
4
What is the remainder when 171 is divided by 46?
33
Calculate the remainder when 555 is divided by 14.
9
Calculate the remainder when 249 is divided by 87.
75
What is the remai